{"id":914,"date":"2018-02-08T09:00:14","date_gmt":"2018-02-08T09:00:14","guid":{"rendered":"https:\/\/isisbernocchi.edu.it\/?page_id=914"},"modified":"2022-01-11T14:57:29","modified_gmt":"2022-01-11T13:57:29","slug":"privacy-2","status":"publish","type":"page","link":"https:\/\/isisbernocchi.edu.it\/od\/privacy-2\/","title":{"rendered":"Privacy"},"content":{"rendered":"<p><a href=\"https:\/\/isisbernocchi.edu.it\/od\/wp-content\/uploads\/2022\/01\/Informativa-sul-trattamento-dei-dati-Privacy-.pdf\"><strong>Informativa sul trattamento dei dati -Privacy-<\/strong><\/a><\/p>\n<p>&nbsp;<\/p>\n<p><a href=\"https:\/\/isisbernocchi.edu.it\/od\/wp-content\/uploads\/2021\/12\/Informativa-verifica-green-pass-con-applicazione-VerificaC19-f.pdf\"><strong>TRATTAMENTO DEI DATI PERSONALI CERTIFICATO VERDE COVID-19 CON L\u2019APPLICAZIONE \u201cVerificaC19\u201d<\/strong><\/a><\/p>\n<p>&nbsp;<\/p>\n<p>Informativa ai sensi dell\u2019art. 13 del Regolamento UE 2016\/679 (GDPR) per gli interessati tutti<\/p>\n<p><strong>Titolare del trattamento<\/strong><br \/>\nIl Titolare del trattamento dei dati personali \u00e8 l\u2019ISIS Bernocchi di Legnano, legalmente rappresentato dal dirigente ing. Annalisa Wagner, i cui dati di contatto sono esplicitati nell\u2019intestazione del presente sito web.<\/p>\n<p><strong>Responsabile della protezione dei dati<\/strong><br \/>\nIl Titolare ha nominato e formalmente designato il Responsabile della protezione dei dati (RPD), sig. Corrado Faletti, che potr\u00e0 essere contattato dagli interessati, senza formalit\u00e0, ai sensi dell\u2019art 38 comma 4, per l\u2019esercizio dei loro diritti e per ricevere informazioni relative al trattamento dei loro dati personali.<\/p>\n<p><strong>Finalit\u00e0 del trattamento<\/strong><br \/>\nI dati personali sono trattati dal Titolare per lo svolgimento delle funzioni istituzionali dell\u2019Ente, che consistono nell\u2019erogazione di un servizio pubblico di istruzione nei modi previsti dalle leggi e dai regolamenti vigenti, e nello svolgimento di tutte le attivit\u00e0 connesse.<\/p>\n<p><strong>Legittimit\u00e0 del trattamento<\/strong><br \/>\nLa base giuridica del trattamento risiede nell\u2019art. 6 comma 1 lettera e) del GDPR, in quanto il trattamento \u00e8 effettuato da un soggetto pubblico ed \u00e8 necessario per lo svolgimento delle sue funzioni istituzionali. Per quanto riguarda il trattamento di categorie particolari di dati personali, la base giuridica risiede nell\u2019art. 9 comma 2 lettere b) e g).<\/p>\n<p><strong>Natura obbligatoria o facoltativa del conferimento dei dati e conseguenze del mancato conferimento dei dati<\/strong><br \/>\nIl conferimento dei dati da parte dell\u2019interessato assume carattere di obbligatoriet\u00e0 per poter usufruire del servizio pubblico di istruzione. Il mancato conferimento dei dati comporta l\u2019impossibilit\u00e0 di usufruire, in tutto o in parte, di tale servizio. Di conseguenza, sulla base della legittimit\u00e0 del trattamento al punto precedente, il trattamento pu\u00f2, in linea generale, venire effettuato senza acquisire il consenso dell\u2019interessato.<\/p>\n<p><strong>Destinatari dei dati<\/strong><br \/>\nLo svolgimento delle operazioni di trattamento comporta che i dati possano venire comunicati o portati a conoscenza da parte di soggetti esterni alla Scuola, che possono agire in regime di autonoma titolarit\u00e0 oppure essere designati in qualit\u00e0 di Responsabili del trattamento.<br \/>\nI dati personali raccolti sono altres\u00ec trattati dal personale del Titolare, designato in qualit\u00e0 di Persona autorizzata al trattamento, che agisce sulla base di specifiche istruzioni fornite in ordine a finalit\u00e0 e modalit\u00e0 del trattamento medesimo. I dati personali appartenenti alle categorie particolari saranno trattati esclusivamente dal personale della Scuola, opportunamente designato, nel rispetto del principio di stretta indispensabilit\u00e0 dei trattamenti.<br \/>\nI dati potranno quindi essere comunicati a soggetti pubblici (ad esempio, Ufficio Scolastico Regionale, Ambiti Territoriali, ASL, Comune, Provincia, Organi di Polizia Giudiziaria) e a soggetti terzi, con i quali siano in essere contratti di servizi finalizzati alla fruizione da parte degli interessati dei servizi stessi (ad esempio, compagnie assicurative per la predisposizione di polizze assicurative, agenzie di viaggio e strutture ricettive in relazione a gite scolastiche, viaggi d\u2019istruzione e campi scuola, ditte erogatrici di servizi mensa, societ\u00e0 che gestiscono i servizi informatici come il registro elettronico, il gestionale di segreteria, e altre applicazioni ad uso didattico).<br \/>\nLaddove previsto da norme di legge o di regolamento, alcuni dati personali potranno essere oggetto di diffusione.<br \/>\nCon riferimento alle attivit\u00e0 didattiche previste nel Piano dell\u2019Offerta Formativa (triennale, POFT), quali a titolo esemplificativo attivit\u00e0 di laboratorio, manifestazioni e competizioni sportive ed eventuali premiazioni, il Titolare potr\u00e0 pubblicare o diffondere foto o video sul sito istituzionale o sui canali social della scuola o con altri mezzi diffusivi, posto che la pubblicazione di tali materiali sar\u00e0 garantita per il tempo necessario alla realizzazione delle finalit\u00e0 per cui gli stessi materiali sono stati raccolti e sia non eccedente e proporzionale rispetto alle finalit\u00e0. Per questi casi,\u00a0 all\u2019occorrenza, il Titolare acquisir\u00e0 lo specifico consenso dell\u2019interessato.<\/p>\n<p><strong>Tempo di conservazione dei dati<\/strong><br \/>\nI dati verranno conservati secondo le indicazioni delle regole tecniche in materia di conservazione digitale degli atti definite dall\u2019Agenzia per l\u2019Italia Digitale (AGID) e nei tempi e nei modi indicati dalle linee guida per le Istituzioni scolastiche e dai piani di conservazione e scarto degli archivi scolastici definiti dalla Direzione Generale degli Archivi presso il Ministero dei Beni Culturali.<\/p>\n<p><strong>Diritti degli interessati<\/strong><br \/>\nGli interessati hanno il diritto di ottenere dal Titolare, nei casi previsti, l\u2019accesso ai dati personali e la rettifica o la cancellazione degli stessi o la limitazione del trattamento che li riguarda o di opporsi al trattamento (art. 15 e ss.).<br \/>\nL\u2019apposita istanza va presentata contattando direttamente il Responsabile della protezione dei dati (RPD).<\/p>\n<p><strong>Diritto di reclamo<\/strong><br \/>\nGli interessati che ritengono che il trattamento dei dati personali a loro riferiti avvenga in violazione di quanto previsto dal GDPR hanno il diritto di proporre reclamo al Garante (art. 77) o di adire le opportune sedi giudiziarie (art. 79).<\/p>\n<p><a href=\"https:\/\/isisbernocchi.edu.it\/od\/wp-content\/uploads\/2019\/07\/Regolamento-GDPR.pdf\" target=\"_blank\" rel=\"noopener\">Regolamento-GDPR ISIS Bernocchi<\/a><br \/>\n<a href=\"https:\/\/isisbernocchi.edu.it\/od\/wp-content\/uploads\/2018\/02\/Data-Protection-Officer-Scheda-informativa.pdf\" target=\"_blank\" rel=\"noopener\">DPO-Scheda-informativa<\/a><br \/>\n<a href=\"https:\/\/isisbernocchi.edu.it\/od\/wp-content\/uploads\/2018\/02\/Regolamento-UE-2016-679.-Con-riferimenti-ai-considerando.pdf\" target=\"_blank\" rel=\"noopener\">Regolamento (UE) 2016\/679 del Parlamento europeo e del Consiglio del 27 aprile 2016<\/a><\/p>\n","protected":false},"excerpt":{"rendered":"<p>Informativa sul trattamento dei dati -Privacy- &nbsp; TRATTAMENTO DEI DATI PERSONALI CERTIFICATO VERDE COVID-19 CON L\u2019APPLICAZIONE \u201cVerificaC19\u201d &nbsp; Informativa ai sensi dell\u2019art. 13 del Regolamento &#8230; <\/p>\n","protected":false},"author":1,"featured_media":0,"parent":0,"menu_order":0,"comment_status":"closed","ping_status":"closed","template":"","meta":{"footnotes":""},"class_list":["post-914","page","type-page","status-publish","hentry"],"jetpack_sharing_enabled":true,"_links":{"self":[{"href":"https:\/\/isisbernocchi.edu.it\/od\/wp-json\/wp\/v2\/pages\/914","targetHints":{"allow":["GET"]}}],"collection":[{"href":"https:\/\/isisbernocchi.edu.it\/od\/wp-json\/wp\/v2\/pages"}],"about":[{"href":"https:\/\/isisbernocchi.edu.it\/od\/wp-json\/wp\/v2\/types\/page"}],"author":[{"embeddable":true,"href":"https:\/\/isisbernocchi.edu.it\/od\/wp-json\/wp\/v2\/users\/1"}],"replies":[{"embeddable":true,"href":"https:\/\/isisbernocchi.edu.it\/od\/wp-json\/wp\/v2\/comments?post=914"}],"version-history":[{"count":8,"href":"https:\/\/isisbernocchi.edu.it\/od\/wp-json\/wp\/v2\/pages\/914\/revisions"}],"predecessor-version":[{"id":15761,"href":"https:\/\/isisbernocchi.edu.it\/od\/wp-json\/wp\/v2\/pages\/914\/revisions\/15761"}],"wp:attachment":[{"href":"https:\/\/isisbernocchi.edu.it\/od\/wp-json\/wp\/v2\/media?parent=914"}],"curies":[{"name":"wp","href":"https:\/\/api.w.org\/{rel}","templated":true}]}}

<p><a href="https://isisbernocchi.edu.it/od/wp-content/uploads/2022/01/Informativa-sul-trattamento-dei-dati-Privacy-.pdf"><strong>Informativa sul trattamento dei dati -Privacy-</strong></a></p>
<p>&nbsp;</p>
<p><a href="https://isisbernocchi.edu.it/od/wp-content/uploads/2021/12/Informativa-verifica-green-pass-con-applicazione-VerificaC19-f.pdf"><strong>TRATTAMENTO DEI DATI PERSONALI CERTIFICATO VERDE COVID-19 CON L’APPLICAZIONE “VerificaC19”</strong></a></p>
<p>&nbsp;</p>
<p>Informativa ai sensi dell’art. 13 del Regolamento UE 2016/679 (GDPR) per gli interessati tutti</p>
<p><strong>Titolare del trattamento</strong><br />
Il Titolare del trattamento dei dati personali è l’ISIS Bernocchi di Legnano, legalmente rappresentato dal dirigente ing. Annalisa Wagner, i cui dati di contatto sono esplicitati nell’intestazione del presente sito web.</p>
<p><strong>Responsabile della protezione dei dati</strong><br />
Il Titolare ha nominato e formalmente designato il Responsabile della protezione dei dati (RPD), sig. Corrado Faletti, che potrà essere contattato dagli interessati, senza formalità, ai sensi dell’art 38 comma 4, per l’esercizio dei loro diritti e per ricevere informazioni relative al trattamento dei loro dati personali.</p>
<p><strong>Finalità del trattamento</strong><br />
I dati personali sono trattati dal Titolare per lo svolgimento delle funzioni istituzionali dell’Ente, che consistono nell’erogazione di un servizio pubblico di istruzione nei modi previsti dalle leggi e dai regolamenti vigenti, e nello svolgimento di tutte le attività connesse.</p>
<p><strong>Legittimità del trattamento</strong><br />
La base giuridica del trattamento risiede nell’art. 6 comma 1 lettera e) del GDPR, in quanto il trattamento è effettuato da un soggetto pubblico ed è necessario per lo svolgimento delle sue funzioni istituzionali. Per quanto riguarda il trattamento di categorie particolari di dati personali, la base giuridica risiede nell’art. 9 comma 2 lettere b) e g).</p>
<p><strong>Natura obbligatoria o facoltativa del conferimento dei dati e conseguenze del mancato conferimento dei dati</strong><br />
Il conferimento dei dati da parte dell’interessato assume carattere di obbligatorietà per poter usufruire del servizio pubblico di istruzione. Il mancato conferimento dei dati comporta l’impossibilità di usufruire, in tutto o in parte, di tale servizio. Di conseguenza, sulla base della legittimità del trattamento al punto precedente, il trattamento può, in linea generale, venire effettuato senza acquisire il consenso dell’interessato.</p>
<p><strong>Destinatari dei dati</strong><br />
Lo svolgimento delle operazioni di trattamento comporta che i dati possano venire comunicati o portati a conoscenza da parte di soggetti esterni alla Scuola, che possono agire in regime di autonoma titolarità oppure essere designati in qualità di Responsabili del trattamento.<br />
I dati personali raccolti sono altresì trattati dal personale del Titolare, designato in qualità di Persona autorizzata al trattamento, che agisce sulla base di specifiche istruzioni fornite in ordine a finalità e modalità del trattamento medesimo. I dati personali appartenenti alle categorie particolari saranno trattati esclusivamente dal personale della Scuola, opportunamente designato, nel rispetto del principio di stretta indispensabilità dei trattamenti.<br />
I dati potranno quindi essere comunicati a soggetti pubblici (ad esempio, Ufficio Scolastico Regionale, Ambiti Territoriali, ASL, Comune, Provincia, Organi di Polizia Giudiziaria) e a soggetti terzi, con i quali siano in essere contratti di servizi finalizzati alla fruizione da parte degli interessati dei servizi stessi (ad esempio, compagnie assicurative per la predisposizione di polizze assicurative, agenzie di viaggio e strutture ricettive in relazione a gite scolastiche, viaggi d’istruzione e campi scuola, ditte erogatrici di servizi mensa, società che gestiscono i servizi informatici come il registro elettronico, il gestionale di segreteria, e altre applicazioni ad uso didattico).<br />
Laddove previsto da norme di legge o di regolamento, alcuni dati personali potranno essere oggetto di diffusione.<br />
Con riferimento alle attività didattiche previste nel Piano dell’Offerta Formativa (triennale, POFT), quali a titolo esemplificativo attività di laboratorio, manifestazioni e competizioni sportive ed eventuali premiazioni, il Titolare potrà pubblicare o diffondere foto o video sul sito istituzionale o sui canali social della scuola o con altri mezzi diffusivi, posto che la pubblicazione di tali materiali sarà garantita per il tempo necessario alla realizzazione delle finalità per cui gli stessi materiali sono stati raccolti e sia non eccedente e proporzionale rispetto alle finalità. Per questi casi,  all’occorrenza, il Titolare acquisirà lo specifico consenso dell’interessato.</p>
<p><strong>Tempo di conservazione dei dati</strong><br />
I dati verranno conservati secondo le indicazioni delle regole tecniche in materia di conservazione digitale degli atti definite dall’Agenzia per l’Italia Digitale (AGID) e nei tempi e nei modi indicati dalle linee guida per le Istituzioni scolastiche e dai piani di conservazione e scarto degli archivi scolastici definiti dalla Direzione Generale degli Archivi presso il Ministero dei Beni Culturali.</p>
<p><strong>Diritti degli interessati</strong><br />
Gli interessati hanno il diritto di ottenere dal Titolare, nei casi previsti, l’accesso ai dati personali e la rettifica o la cancellazione degli stessi o la limitazione del trattamento che li riguarda o di opporsi al trattamento (art. 15 e ss.).<br />
L’apposita istanza va presentata contattando direttamente il Responsabile della protezione dei dati (RPD).</p>
<p><strong>Diritto di reclamo</strong><br />
Gli interessati che ritengono che il trattamento dei dati personali a loro riferiti avvenga in violazione di quanto previsto dal GDPR hanno il diritto di proporre reclamo al Garante (art. 77) o di adire le opportune sedi giudiziarie (art. 79).</p>
<p><a href="https://isisbernocchi.edu.it/od/wp-content/uploads/2019/07/Regolamento-GDPR.pdf" target="_blank" rel="noopener">Regolamento-GDPR ISIS Bernocchi</a><br />
<a href="https://isisbernocchi.edu.it/od/wp-content/uploads/2018/02/Data-Protection-Officer-Scheda-informativa.pdf" target="_blank" rel="noopener">DPO-Scheda-informativa</a><br />
<a href="https://isisbernocchi.edu.it/od/wp-content/uploads/2018/02/Regolamento-UE-2016-679.-Con-riferimenti-ai-considerando.pdf" target="_blank" rel="noopener">Regolamento (UE) 2016/679 del Parlamento europeo e del Consiglio del 27 aprile 2016</a></p>
